{"id":4992,"date":"2025-01-29T23:10:58","date_gmt":"2025-01-29T20:10:58","guid":{"rendered":"https:\/\/jrn.isi.gov.ua\/?page_id=4992"},"modified":"2026-03-28T01:32:58","modified_gmt":"2026-03-27T22:32:58","slug":"doi-10-52150-2522-9117-2024-38-232-252","status":"publish","type":"page","link":"https:\/\/jrn.isi.gov.ua\/?page_id=4992&lang=en","title":{"rendered":"DOI: 10.52150\/2522-9117-2024-38-232-252"},"content":{"rendered":"\n<p><strong>Molchanov Lavr Serhiiovych<\/strong>, Ph. D. (Tech.), Head of Department, Senior Researcher, Iron and Steel Institute of Z. I. Nekrasov National Academy of Sciences of Ukraine, Academican Starodubova Square, 1, Dnipro, 49107, Ukraine. ORCID: 0000-0001-6139-5956. E-mail: metall729321@gmail.com<\/p>\n\n\n\n<p><strong>Golub Tetiana Serhiivna<\/strong>, Ph. D. (Tech.), Senior Researcher, Iron and Steel Institute of Z. I. Nekrasov National Academy of Sciences of Ukraine, Academican Starodubova Square, 1, Dnipro, 49107, Ukraine. ORCID: 0000-0001-9269-2953. E-mail: isinasu.golubts@gmail.com<\/p>\n\n\n\n<p><strong>Semykin Serhii Ivanovych<\/strong>, Ph. D. (Tech.), Senior Researcher, Iron and Steel Institute of Z. I. Nekrasov National Academy of Sciences of Ukraine, Academican Starodubova Square, 1, Dnipro, 49107, Ukraine. ORCID: 0000-0002-7365-2259. E-mail: isisemykin@gmail.com<\/p>\n\n\n\n<h2 class=\"wp-block-heading\"><strong><strong>METHODOLOGICAL ASPECTS OF ANALYSIS AND INTERPRETATION OF THE RESULTS OF PHYSICAL MODELING OF THE PROCESSES OF INTERACTION OF GAS JETS WITH LIQUID PHASES OF AN OXYGEN-CONVERTER BATH<\/strong><\/strong><\/h2>\n\n\n\n<p><strong>Abstract.<\/strong> The steel industry is an integral part of modern heavy industry and a base for other industries, as it provides structural materials, among which steel of various grades occupies an important place. In the world, a larger share of steel production falls on oxygen converter process. That fact determines the relevance of constant development and improvement of the process from both technological and environmental aspects. However, any innovation requires research and testing that cannot be carried out in industrial conditions due to the possibility of harming current production and wasting time and resources. Because of this, the direction of modeling the oxygen converter process is actively developing. Modeling can take place physically on cold models or high temperature models, or virtually using mathematical models. However, the latter require preliminary research on physical models to search for patterns that will become their basis. Thus, physical full-scale modeling is an integral basis and source of information about all processes that accompany the production of steel. However, each obtained result must be adequately interpreted. Thus, the paper proposes options for studying and interpreting the dynamic indicators of the blowing process based on the results obtained by physical modeling. The developed methods were used to evaluate various options for cold modeling using aqueous two-phase models, where water simulating liquid steel and other liquid simulating slag are used as model liquids; and high-temperature modeling on a real metal melt on a small scale. The dynamic features of the movement of phases during top blowing were established, that were determined using the specified modeling methods, namely the speed of movement of particles of one phase simulating slag when entering another phase simulating steel melt during blowing; movement of the bath surface depending on technological parameters and based on the results of high temperature modeling, the features of the pulsation of the blowing well, which creates by a jet of blowing gas, have been established.<\/p>\n\n\n\n<p><strong>Key words:<\/strong> oxygen-converter process, cold modeling, high temperature modeling, blowing, velocity of phase movement.<\/p>\n\n\n\n<p><strong>DOI: <\/strong><a href=\"https:\/\/doi.org\/10.52150\/2522-9117-2024-38-232-252\">https:\/\/doi.org\/10.52150\/2522-9117-2024-38-232-252<\/a><\/p>\n\n\n\n<p><strong>For citation:<\/strong> Molchanov, L. S., Golub, T. S., &amp; Semykin, S. I. (2024). Methodological aspects of analysis and interpretation of the results of physical modeling of the processes of interaction of gas jets with liquid phases of an oxygen-converter bath. <em>Fundamental and applied problems of ferrous metallurgy<\/em>, 38, 232-252. <a href=\"https:\/\/doi.org\/10.52150\/2522-9117-2024-38-232-252\">https:\/\/doi.org\/10.52150\/2522-9117-2024-38-232-252<\/a><\/p>\n\n\n\n<p><strong>References<\/strong><strong><\/strong><\/p>\n\n\n\n<p>1. Zhang, Y. C., Zhang, C. J., Zhu, L. G., &amp; Zhou, Q. L. (2019). Numerical simulation of high Mach number oxygen lance under high oxygen pressure. Iron and <em>Steel<\/em>, 54, 32\u201338<\/p>\n\n\n\n<p>2. Li, Q., Li, M.-M., Li, L., &amp; Zou, Z.-S. (2013). Numerical analysis on oxygen jet characteristic for BOF convertor top-blown process based on CFD method. <em>Journal of Northeastern University<\/em>, 34(6), 828\u2013831<\/p>\n\n\n\n<p>3. Kemminger, A., Krause, F., &amp; Odenthal, H.-J. (2022). CFD simulation of top-blown converters. <em>Conference: 9th EOSC European Oxygen Steelmaking Conference<\/em><em> <\/em><em>At Aachen<\/em>.<\/p>\n\n\n\n<p>4. Wang, W., Yuan, Z., Matsuura, H., Zhao, H., Dai, Ch., &amp; Tsukihashi, F. (2010). Three-dimensional Compressible Flow Simulation of Top-blown Multiple Jets in Converter. <em>ISIJ International<\/em>, 50(4), 491\u2013500<\/p>\n\n\n\n<p>5. Hu, S. Y., Zhu, R., &amp; Dong, K. (2018). Numerical simulation research on flow in combined blown converter at steelmaking temperature. <em>Chin.<\/em><em> <\/em><em>J.<\/em><em> <\/em><em>Eng<\/em>, 40, 108\u2013115<\/p>\n\n\n\n<p>6. Wang, H., Zhu, R., Gu, Y. L., &amp; Wang, C. J. (2014). Behavior of supersonic oxygen jet injected from four-hole lance during top-blown converter steelmaking process. <em>Can. Metall. Q<\/em>., 53, 367\u2013380<\/p>\n\n\n\n<p>7. Li, M. M., Li Q., Kuang, S. B., &amp; Zou, Z. S. (2015). Coalescteriscs of supersonic jets from multi-nozzle oxygen lance in steelmaking BOF. <em>Steel Res. Int.<\/em><em>,<\/em> 86, 1517\u20131529<\/p>\n\n\n\n<p>8. Krasnikov, \u041a. S., &amp; Lyzhov, N. V. (2021). Chislennye issledovania na matematicheskoj modeli vspenivania s inzhekciej gaza. [Numerical studies on a mathematical model of foaming with gas injection]. <em>System technologies<\/em>, 1(132), 23\u201330<\/p>\n\n\n\n<p>9. Zhu, Sh., Zhao, Q., Li, X., Liu, Y. &amp; Zhang, T. (2023). CFD Simulation of gas-slag-metal multiphase flow in a side-blown vortex smelting reduction reactor. <em>Journal of Sustainable Metallurgy<\/em>, 9, 1033\u20131049<\/p>\n\n\n\n<p>10. Errson, M., &amp; Tillander, A. (2018). Review on CFD simulation and modeling of decarburization processes.<em> Steel Research International<\/em>, 89(1)<\/p>\n\n\n\n<p>11. Wei, J.\u2010H., &amp; Zeng, L. (2012). Numerical simulation of fluid flow in bath during combined top and bottom blowing VOD refining process of stainless steel. <em>Steel Research International<\/em>, 83(11), 1053\u20131070<\/p>\n\n\n\n<p>12. Wei, J.-H., He, Y., &amp; Shi, G.-M. (2011). Mathematical modeling of fluid flow in bath during combined side and top blowing AOD refining process of stainless steel: Mathematical model of the fluid flow. <em>Steel Research International<\/em>, 82(6), 703\u2013709<\/p>\n\n\n\n<p>13. Singh, V., Kumar, J, Bhanu, C., Ajmani, S. K., &amp; Dash, S. K. (2007). Optimization of the bottom tuyeres configuration for the BOF vessel using physical and mathematical modeling. <em>ISIJ Int<\/em>., 47(11), 1605\u20131612<\/p>\n\n\n\n<p>14. Quiyoom, A., Golani, R., Singh, V., &amp; Buwa, V. V. (2017). Effect of differential flow schemes on gas-liquid flow and liquid phase mixing in a Basic Oxygen Furnace. <em>Chem.<\/em><em> <\/em><em>Eng.<\/em><em> <\/em><em>Sci<\/em>., 73 (9), 373\u2013377<\/p>\n\n\n\n<p>15. Cherniatevych, A. G., Samohvalov, O. S., Sigarev, Ye. M., &amp; Chubina, O. A. (2005). Matematuchna model gidrodynamiky procesu produvki shlakovoj vanny u porozhnyni konvertera [Mathematical model of hydrodynamics of the process of blowing the slag bath at an empty converter]. <em>Mathematical modeling<\/em>, 1(13), 76\u201378<\/p>\n\n\n\n<p>16. Repossi, E., Rosso, R., &amp; Verani, M. (2016). A phase-field model for liquid-gas mixtures: mathematical modelling and discontinuous Galerkin discretization. <em>Modeling and scientific computing<\/em>, 27,1\u201336<\/p>\n\n\n\n<p>17. Misra, P., Deo, B., &amp; Chhabra, R. (1998). Dynamic model of slag foaming in oxygen steelmaking converters. <em>ISIJ International<\/em>, 38(11), 1225\u20131232<\/p>\n\n\n\n<p>18. Sigarev, Ye. N., Sokol, A. N., &amp; Nedbajlo, N. N. (2016). Komputernoe modelirovanie teplovogo sostojania sistemy \u201cgarnisazh &#8211; furerovka\u201d s uchetom neravnomernosti ee tolshchiny [Computer modeling of the thermal state of the \u201cskull&nbsp;\u2013 lining\u201d system taking into account the unevenness of its thickness]. <em>Mathematical modeling<\/em>, 2(35), 70\u201373<\/p>\n\n\n\n<p>19. Brandaleze, E., Torresi, U., &amp; Santini, L. (2018). A refractory wear predictive model developed for BOF converters. <em>Scholars Journal of Engineering and Technology<\/em>, 6(1), 7\u201313<\/p>\n\n\n\n<p>20. Demete, J., Bu\u013eko, B., Demeter, P., &amp; Hrubov\u010d\u00e1kov\u00e1 M. (2023). Evaluation of factors affecting the MgO\u2013C refractory lining degradation in a basic oxygen furnace. <em>MDPI<\/em>, 13(22), 12473\u201312500<\/p>\n\n\n\n<p>21. Gruber, D. (2004). Optimisation of the Lining Design of a BOF Converter by Finite Element Simulations. <em>S<\/em><em>teel research international<\/em>, 75(7), 455\u2013461<\/p>\n\n\n\n<p>22. Paul, S., &amp; Chosh, D. N. (1986). Model study of mixing and mass transfer rates of slag-metal in top and bottom blown converters. <em>Metal Trans B<\/em>, 17(3), 461\u2013469<\/p>\n\n\n\n<p>23. Ghosh, D. N., &amp; Singh, R. P. (1988). Cold model study of mixing time in hybrid prosecc. <em>Trans Iron Steel Inst. Japan<\/em>, 28(8), 659\u2013662<\/p>\n\n\n\n<p>24. Ajmani, S. K., &amp; Chatterjee, A. (2005). Cold model studies of mixing and mass transfer in steelmaking vessels. <em>Ironmak.<\/em><em> <\/em><em>Steelmak<\/em>, 32(6), 515\u2013527<\/p>\n\n\n\n<p>25. Choudhary, S. K., &amp; Ajmani, S. K. (2006). Evaluation of bottom stirring system in BOF steelmaking vessel using cold model study and thermodynamic analysis. <em>ISIJ Int<\/em>, 46(8), 1171\u20131176<\/p>\n\n\n\n<p>26. Singh, V., Lenka, S. N., Ajmani, S. K., Bhanu, C., &amp; Pathak, S. (2009). A novel bottom stirring scheme to improve BOF performance through mixing and mass transfer modeling. <em>ISIJ Int<\/em>, 49(12), 1889\u20131894<\/p>\n\n\n\n<p>27. Roth, C., Peter, M., Schindler, M., &amp; Koch, K. (1995). Cold model investigation into the effects of bottom blowing in metallurgical resctors. <em>Steel Res<\/em>., 66(8), 325\u2013330<\/p>\n\n\n\n<p>28. Roth, C., Peter, M., Juhart, M., &amp; Koch, K. (1999). Cold model investigations of fluid flows and mixing within top and combined blown in metallurgical process. <em>Steel Res<\/em>., 70(12), 502\u2013507<\/p>\n\n\n\n<p>29. Olivares, O., Elias, A., Sanchez, R., Diaz-Cruz, M., &amp; Morales, R. D. (2002). Physical and mathematical models of gas-liquid fluid dynamics in LD converters. <em>Steel Res<\/em>., 73(2), 44\u201351<\/p>\n\n\n\n<p>30. Oymo, D., &amp; Guthrie, R. I. L. (1984). Mixing times in combination blowing process. <em>Proceedings of the process technology conference<\/em>, 45\u201352<\/p>\n\n\n\n<p>31. Martin, M., Rendueles, M., &amp; Diaz, M. (2005). Steel-slag mass transfer in steel converter, bottom and top\/bottom combined blowing through cold model experiments. <em>Chem.Eng.Res.Des<\/em>., 83(9), 1076\u20131084<\/p>\n\n\n\n<p>32. Wu, W., Bin, Yang L., Zheng, C. J., &amp; Liu, L. (2010). Cold simulation of oxygen transfer rate in BOF. <em>J Iron Steel Res<\/em>., 17, 7\u201313<\/p>\n\n\n\n<p>33. Koria, S.C., &amp; George, A. (1988). Selection of bottom injection parameters in combined blown steelmaking. <em>Ironmak.<\/em><em> <\/em><em>Steelmak<\/em>., 15(3), 127\u2013133<\/p>\n\n\n\n<p>34. Koria, S. C., &amp; Pal, S. (1991). Experimental study of the effect of gas injection parameters on the bath mixing intensity ibduced during steelmaking. <em>Process. Metall<\/em>., 62(2), 47\u2013 53<\/p>\n\n\n\n<p>35. Evestendt, M., &amp; Medvedev, A. (2007). Cavity shape dynamical modeling and estimation in water model of the steel converter process. <em>J Jpn.<\/em><em> <\/em><em>Soc.<\/em><em> <\/em><em>Exp.<\/em><em> <\/em><em>Mech.<\/em>, 7, 93\u201398<\/p>\n\n\n\n<p>36. Cheslak, F. R., Nicholls, J. A., &amp; Sichel, M. (1969). Cavities formed on liquid surfaces by impinging gaseous jets. <em>J Fluid.<\/em><em> <\/em><em>Mech<\/em>., 36(1), 55\u201363<\/p>\n\n\n\n<p>37. Nordquist, A., Kumbhat, N., Jonsson, L., &amp; Jonsson, P. (2006). The effect of nozzle diameter, lance height and flow rate on penetration depth in a top-blown water model. Steel Res. Int. vol. 77 (2). P. 82\u201390<\/p>\n\n\n\n<p>38. Li, Q., Li, M., Kuang, S., Zou, Z. (2015). Numerical simulation of the interaction between supersonic oxygen jets and molten slag-metal bath in steelmaking BOF process. Metal Mater. Trans. B. vol. 46 (3). P. 1494\u20131509<\/p>\n\n\n\n<p>39. Naito, K-I., Asahara, N., Kaizawa, A., Ogawa, Y., Kitagawa, I., &amp; Inomoto, T. (2013). Behavior of top-blowing lance jets in BOF. <em>Nippon Steel Tech.<\/em><em> <\/em><em>Rep<\/em>., 104, 33\u201341<\/p>\n\n\n\n<p>40. Lee, M. S., O\u2019Rourke, S. L., &amp; Molloy, N. A. (2003). Oscillatory flow in the steelmaking vessel. <em>Scand.<\/em><em> <\/em><em>J Metall<\/em>., 32(5), 281\u2013288<\/p>\n\n\n\n<p>41. Luoma, M. J., Fabritius, T. M. J., &amp; Harkki, J. J. (2004). The effect of bottom nozzle configuration on the bath behavior in the BOF. <em>ISIJ I<\/em><em>nt.<\/em>, 44(5), 809\u2013816<\/p>\n\n\n\n<p>42. Sabah, S., &amp; Brooks, G. (2016). Study of cavity modes in BOF by analysis of sound. <em>Ironmak.<\/em><em> <\/em><em>Steelmak<\/em>, 43(6), 473\u2013480<\/p>\n\n\n\n<p>43. Shi, J., Luo, X., Li J., &amp; Jiang, J. (2016). Investigation on penetration model of shaped charge jet in water. <em>Mod. Phys. Lett. B<\/em>., 30(2), 1\u201315<\/p>\n\n\n\n<p>44. Kamkina, L. V., Mishalkin, A. P., Kamkin, V. Yu., Mianovska, Ya. V., Dvorkovyj O. I., &amp; Isaeva L. Ye. (2022). Modeluvannia vplyvu rezhyzmu produvannia vanny na masoobminni process ta shlakoutvorannia u kysnevomu konverteri [Simulation of the bath blowing mode in the mass exchange process and slag removal in the sour converter]. <em>Theory and practice of metallurgy<\/em><em>,<\/em> (1), 27\u201337<\/p>\n\n\n\n<p>45. Gerlach, F., &amp; Frohberg, M. G. (1993). Mass transfer in bottom blowing cold model converter. <em>Steel Res<\/em>., 64(1), 7\u201314<\/p>\n\n\n\n<p>46. Deo, B., Overbosch, A., Snoeijer, B., Das, D., &amp; Srinivas, K. (2013). Control of slag formation, foaming, slopping and chaos in BOF. <em>Trans.<\/em><em> <\/em><em>IndianInst.<\/em><em> <\/em><em>Met.<\/em><em> <\/em><em>Dec<\/em>. , 66(5\u20136), 543\u2013554<\/p>\n\n\n\n<p>47. Ascanio, G. (2015). Mixing time in stirred vessels: a review of experimental techniques. <em>Chin.<\/em><em> <\/em><em>J<\/em><em> <\/em><em>Chem.<\/em><em> <\/em><em>Eng<\/em>., 23(7), 1065\u20131076<\/p>\n\n\n\n<p>48. Melton, L. A., Lipp, C. W., Spredling, R. W., &amp; Paulson, K. A. (2002). Determination of mixing time through color changes. <em>Chem.<\/em><em> <\/em><em>Eng.<\/em><em> <\/em><em>Comm<\/em>., 189(3), 322\u2013228<\/p>\n\n\n\n<p>49. Ascanio, G., Foucault, S., &amp; Tanguy, P. A. (2004). Time-periodic mixing of shear-thinning fluids. <em>Chem.<\/em><em> <\/em><em>Eng.<\/em><em> <\/em><em>Res.<\/em><em> <\/em><em>Des.<\/em><em> <\/em><em>Sep<\/em>., 82(9), 1199\u20131203<\/p>\n\n\n\n<p>50. Kuo, T. Y., &amp; Kuo, J. C. (2011). Determination of mixing time in a ladle-refining process using optical image processing. <em>ISIJ Int<\/em>., 510(10), 1597\u20131600<\/p>\n\n\n\n<p>51. Wuppermann, C., Giesselmann, N., Ruckert, A., Pfeifer, H., Odenthal, H. J., &amp; Hovestadt, E. (2012). A novel approach to determine the mixing time in a water model of an AOD converter. <em>ISIJ I<\/em><em>nt<\/em>, 52(10), 1817\u20131823<\/p>\n\n\n\n<p>52. Kumar, A., Malathi, M., Godiwalla, K. M., Chacko, E. Z., Ajmani, S. K., &amp; Ranganathan, S. (2014). Cold model study of submerged peripheral gas bubbling from a cylindrical dispenser. <em>ISI<\/em><em>J<\/em><em> Int<\/em>., 54(10), 2239\u2013-2247<\/p>\n\n\n\n<p>53. Rosseburg, A., Fitschen, J., Wutz, J., Wucherpfennig, T., &amp; Schluter, M. (2018). Hydrodynamic inhomogeneties in large scale stirred tanks \u2013 influence on mixing time. <em>Ch<\/em><em>e<\/em><em>m.<\/em><em> <\/em><em>Eng.<\/em><em> <\/em><em>Sci<\/em>., 188, 208\u2013220<\/p>\n\n\n\n<p>54. Chen, C., Rui, Q., &amp; Cheng, G. (2013). Effect od salt tracer amount on the mixing time measurement in a hydrodynamic model of gas-stirred ladle system. <em>Steel Res.<\/em><em> <\/em><em>Int<\/em>., 84(9), 900\u2013907<\/p>\n\n\n\n<p>55. Martin, M., Rendueles, M., &amp; Diaz, M. (2005). Global and local mixing determinations for steel converter analysis. <em>Chem. Eng.<\/em><em> <\/em><em>Sci<\/em>., 60(21), 5781\u20135791<\/p>\n\n\n\n<p>56. Stisovic, T., &amp; Koch, K. (2002). Bottom blowing investigations on a cold model reactor to optimize mixing behavior in metallurgical processes. <em>Steel Res<\/em>., 73(9), 373\u2013377<\/p>\n\n\n\n<p>57. Martin, M., &amp; Diaz, M. (2002). Gas \u2013liquid and gas-liquid-liquid reactors with top and bottom blowing:I. Fluid dynamic regimes. <em>Chem. Eng.Common<\/em>., 189(2), 543\u2013570<\/p>\n\n\n\n<p>58. Martin, M., Rendueles, M., &amp; Diaz, M. (2004). Emulsion analysis in a gas\/liquid reactor with top blowing. <em>Can. J Chem. Eng<\/em>., 82, 249\u2013255<\/p>\n\n\n\n<p>59. Kawabe, Y., Uddin, M. A., Kato, Y, Seok, M. O., &amp; Lee, S. B. (2017). Correlation between liquid\/liquid and gas\/liquid mass transfer in top\/bottom blowing converter. <em>ISIJ Int<\/em>., 57(2), 296\u2013303<\/p>\n\n\n\n<p>60. Cao, L. L. (2019). <em>Modeling of <\/em><em>g<\/em><em>as-<\/em><em>s<\/em><em>lag-<\/em><em>m<\/em><em>etal <\/em><em>m<\/em><em>ultiphase <\/em><em>f<\/em><em>luid during <\/em><em>b<\/em><em>asic <\/em><em>o<\/em><em>xygen <\/em><em>s<\/em><em>teelmaking <\/em><em>p<\/em><em>rocess<\/em>. Ph.D. Thesis, University of Science and Technology Beijing, Beijing, China.<\/p>\n\n\n\n<p>61. Balkos, T., Batham, J., Russo, T., Fash, R., &amp; Howanski, B. (2006). Cold shroud-boosting converter performance. <em>Proceedings of the 6th European Oxygen Steelmaking Conference, Aachen, Germany, 26\u201328 June<\/em><em> 2006<\/em>. P. 179\u2013185.<\/p>\n\n\n\n<p>62. Cherniatevych, A. G., Vakulchuk, V. V., Molchanov, L. S., Yushkevich, P. O., Sigarev, Ye. N., Chubin, K. I., &amp; Chubina, Ye. A. (2017). Vysokotemperaturnoe modelirovanie produvki konverternoj vanny s ispolzovaniem dvuhjarusnoj kislorodnoj furmy [High temperature modeling of converter bath blowdown using a double-level oxygen lance]. <em>Theory and practice of metallurgy<\/em>, (3-4), 79\u201385<\/p>\n\n\n\n<p>63. Cherniatevych, A. G., Sigarev, Ye. N., &amp; Cherniatevych, I. V. (2010). Novye razrabotki konstrukcij kislorodnyh furm I sposobov produvki vanny 160-t konverterov PJSC \u201cArcelorMittal Kryvyj Rig\u201d [New developments in the design of oxygen tuyeres and methods for purging the bath of 160-ton converters of PJSC \u201cArcelorMittal Kryvyi Rih\u201d]. <em>Theory and practice of metallurgy<\/em>, (2), 31\u201338<\/p>\n\n\n\n<p>64. Murashov, I. &amp; Stroganov, Y. (2019). Method of determining vehicle speed according to video stream data. <em>IOP Publishing<\/em><em>.<\/em> <em>J.<\/em><em> <\/em><em>Phys.: Conf. Ser<\/em>., 1419, 012020<\/p>\n\n\n\n<p>65. Hashim, K. M. (2022). Suggest a mathematical model to measure the speed of vehicles via video. <em>Journal of Education for Pure Science- University of Thi-Qar<\/em>, 12(2), 130\u2013139<\/p>\n\n\n\n<p>66. Jawad, H. M., &amp; Husain, T. A. (2017). Measuring object dimensions and its distances based on image processing technique by analysis the image using sony camera. <em>Eurasian Journal of Science &amp; Engineering<\/em>, 3(2), 100\u2013110<\/p>\n\n\n\n<p>67. Viola, P., &amp; Jones, M. (2004). Robust real-time object detection. <em>Intl. J. Computer Vision<\/em>., 57(2), 137\u2013154<\/p>\n\n\n\n<figure class=\"wp-block-image size-large is-resized\"><a href=\"https:\/\/jrn.isi.gov.ua\/sb\/sb38\/38_232-252.pdf\"><img loading=\"lazy\" decoding=\"async\" width=\"1024\" height=\"336\" src=\"https:\/\/jrn.isi.gov.ua\/wp-content\/uploads\/2023\/08\/Button3-1024x336.png\" alt=\"\" class=\"wp-image-3537\" style=\"width:200px\" srcset=\"https:\/\/jrn.isi.gov.ua\/wp-content\/uploads\/2023\/08\/Button3-1024x336.png 1024w, https:\/\/jrn.isi.gov.ua\/wp-content\/uploads\/2023\/08\/Button3-300x98.png 300w, https:\/\/jrn.isi.gov.ua\/wp-content\/uploads\/2023\/08\/Button3-766x251.png 766w, https:\/\/jrn.isi.gov.ua\/wp-content\/uploads\/2023\/08\/Button3-1536x503.png 1536w, https:\/\/jrn.isi.gov.ua\/wp-content\/uploads\/2023\/08\/Button3-2048x671.png 2048w, https:\/\/jrn.isi.gov.ua\/wp-content\/uploads\/2023\/08\/Button3-458x150.png 458w, https:\/\/jrn.isi.gov.ua\/wp-content\/uploads\/2023\/08\/Button3-100x33.png 100w, https:\/\/jrn.isi.gov.ua\/wp-content\/uploads\/2023\/08\/Button3-1068x350.png 1068w, https:\/\/jrn.isi.gov.ua\/wp-content\/uploads\/2023\/08\/Button3-788x258.png 788w, https:\/\/jrn.isi.gov.ua\/wp-content\/uploads\/2023\/08\/Button3.png 180w\" sizes=\"auto, (max-width: 1024px) 100vw, 1024px\" \/><\/a><\/figure>\n\n\n\n<p><\/p>\n","protected":false},"excerpt":{"rendered":"<p>Molchanov Lavr Serhiiovych, Ph. D. (Tech.), Head of Department, Senior Researcher, Iron and Steel Institute of Z. I. Nekrasov National Academy of Sciences of Ukraine, Academican Starodubova Square, 1, Dnipro, 49107, Ukraine. ORCID: 0000-0001-6139-5956. E-mail: metall729321@gmail.com Golub Tetiana Serhiivna, Ph. D. (Tech.), Senior Researcher, Iron and Steel Institute of Z. I. Nekrasov National Academy of [&hellip;]<\/p>\n","protected":false},"author":4,"featured_media":0,"parent":0,"menu_order":0,"comment_status":"closed","ping_status":"closed","template":"","meta":{"footnotes":""},"class_list":["post-4992","page","type-page","status-publish","hentry"],"_links":{"self":[{"href":"https:\/\/jrn.isi.gov.ua\/index.php?rest_route=\/wp\/v2\/pages\/4992","targetHints":{"allow":["GET"]}}],"collection":[{"href":"https:\/\/jrn.isi.gov.ua\/index.php?rest_route=\/wp\/v2\/pages"}],"about":[{"href":"https:\/\/jrn.isi.gov.ua\/index.php?rest_route=\/wp\/v2\/types\/page"}],"author":[{"embeddable":true,"href":"https:\/\/jrn.isi.gov.ua\/index.php?rest_route=\/wp\/v2\/users\/4"}],"replies":[{"embeddable":true,"href":"https:\/\/jrn.isi.gov.ua\/index.php?rest_route=%2Fwp%2Fv2%2Fcomments&post=4992"}],"version-history":[{"count":2,"href":"https:\/\/jrn.isi.gov.ua\/index.php?rest_route=\/wp\/v2\/pages\/4992\/revisions"}],"predecessor-version":[{"id":6001,"href":"https:\/\/jrn.isi.gov.ua\/index.php?rest_route=\/wp\/v2\/pages\/4992\/revisions\/6001"}],"wp:attachment":[{"href":"https:\/\/jrn.isi.gov.ua\/index.php?rest_route=%2Fwp%2Fv2%2Fmedia&parent=4992"}],"curies":[{"name":"wp","href":"https:\/\/api.w.org\/{rel}","templated":true}]}}